 and l?
8
Let m(a) = -12*a - 86. Let k be m(-8). Suppose k*z = 11*z - 1. What is the greatest common factor of 7 and z?
1
Let y(x) = 5*x**3 + 9*x**2 + 7*x + 3. Let v be y(7). What is the highest common divisor of v and 192?
96
Suppose 0 = -528*i + 601*i - 47815. What is the highest common factor of 4847 and i?
131
Suppose r - 16 = -0. Let n(s) = -55*s - 131. Let b be -10 + 2/((-4)/(-10)). Let w be n(b). What is the greatest common factor of w and r?
16
Let f be (-892)/(24 + 6216/(-258)). What is the highest common factor of f and 669?
223
Let s be (-2 + 66/18)*(-9)/(-5). Suppose -5*t = 4*j - 8, s*t - j + 34 = 49. Calculate the highest common divisor of 4 and t.
4
Let t = -12692 + 12697. Calculate the highest common factor of t and 7015.
5
Suppose 0 = 34*u + 12*u - 1012. Suppose 0 = -5*o + 2*o + 9. Suppose 0 = -o*q - q + b + 224, 0 = q + 3*b - 43. Calculate the highest common factor of u and q.
11
Let y = -59 + 70. Suppose -y*i + 12*i = 159. Let k be i/21 + 1/(14/6). What is the highest common factor of 8 and k?
8
Let z(v) = 71*v - 225. Let u be z(5). What is the highest common factor of 7670 and u?
130
Suppose 0 = 5*f - 0*f. Suppose f = -6*m - 79 + 127. What is the highest common factor of m and 328?
8
Let p(c) = 4*c**2 - 13*c + 1. Let i be p(3). Let o(j) = 11*j**2 - 2*j - 9. Let x be o(i). What is the highest common divisor of x and 39?
39
Suppose -2*u = -10, 27 = -2*r + 4*u + 13. Suppose -2*d + 3*t = -6, -1 = -d - r*t + 2. What is the greatest common factor of d and 27?
3
Let j(y) = 2*y**2 - 12*y - 1852. Let v be j(-34). What is the greatest common factor of v and 448?
28
Let i(p) = 7338*p**2 - 8*p + 9. Let d be i(1). What is the highest common factor of d and 82?
41
Suppose 5*q - h - 50 = 0, h - 6*h - 40 = -4*q. Suppose -450 = -9*j - 0*j. Calculate the greatest common divisor of q and j.
10
Let y(x) = x**2 - 4*x - 11. Let l be y(-11). Let z(d) = d**2 - d + 2. Let b = 8 + -4. Let p be z(b). What is the greatest common divisor of p and l?
14
Let l(h) be the third derivative of -3*h**4/8 + 19*h**3/3 - 28*h**2 + 3*h. Let n be l(2). What is the greatest common factor of n and 32?
4
Let c = 306 - 136. Let x = -141 + c. What is the greatest common factor of x and 58?
29
Suppose -a - 2*t - 11 = t, t + 13 = 2*a. Suppose -a*f + 360 = 44. Let s = -60 + f. What is the greatest common factor of s and 133?
19
Let a be (-50)/(-18) - (-1 - (-35)/45). Suppose 2705 = 5*t - a*g - 1130, 4*t - 3068 = g. Calculate the greatest common divisor of t and 59.
59
Let i(y) = 10*y**2 + 3*y - 6. Let h be i(6). Let b = -220 + h. What is the greatest common factor of 57 and b?
19
Suppose -33*o + 65 + 1 = 0. Suppose o*j = 3*w + 252, 3*j - 12*w = -15*w + 408. Calculate the highest common divisor of 308 and j.
44
Suppose n + 2650 = 5*d, 52*n = 5*d + 54*n - 2635. What is the highest common divisor of d and 391?
23
Let c = 2467 - 2419. Calculate the greatest common factor of c and 20.
4
Suppose 0 = 278*k + 2191 - 8863. Suppose 4*y = y + 9. Suppose -y*x = x - 24. Calculate the highest common factor of x and k.
6
Suppose 0 = 7*w - 1 - 27. Let c be 35/(-140) + 1233/w. What is the greatest common factor of 28 and c?
28
Suppose -3*f + 6154*w + 84518 = 6156*w, 5*w + 40 = 0. Calculate the greatest common factor of f and 292.
146
Suppose -66 = -z + 59. Suppose z - 115 = 10*o. What is the greatest common divisor of 9 and o?
1
Let y(l) = 164*l**2 + 133*l + 1545. Let p be y(-10). What is the highest common divisor of 5 and p?
5
Let m = 5 - 27. Let s = m - -23. Let l be (-1 - -2) + -1 + 2. Calculate the greatest common divisor of s and l.
1
Let i be 12/(-57)*-2988 + (-111)/2109. Let h be ((-74)/6)/((-2)/6). What is the greatest common factor of i and h?
37
Suppose -74*t = -119*t + 3555. Calculate the greatest common factor of t and 4187.
79
Let d be (3/(36/4))/(13/4797). Suppose 0 = 2*q - 1 - 5. What is the highest common factor of d and q?
3
Let f be (-15)/70*-222 + (-3)/(-7). Calculate the highest common factor of f and 444.
12
Suppose 3*t + 73*h = 74*h + 27363, 9 = -3*h. Calculate the highest common divisor of t and 64.
32
Let g be 1/2*-2 + 3. Let x = 2490 - 2382. Suppose -2*z - g*z + x = 0. Calculate the highest common factor of 81 and z.
27
Suppose -5*l = -4*q - 182 + 252, q + l - 40 = 0. Let s = 376 + -256. What is the highest common divisor of q and s?
30
Let f = 126 + -126. Let b(h) = -9*h + 153. Let p be b(f). Suppose 0 = -5*k, 2*o = 3*k + 46 - 12. Calculate the greatest common factor of p and o.
17
Let g(z) = 2*z + 6. Let r be g(-2). Let n(m) = 65*m**2 + 56*m**2 - 11 + 4*m - 122*m**r + 6*m. Let y be n(7). Calculate the highest common factor of 180 and y.
10
Let y = -149 + 208. Let u be (10856/40)/((-37)/(-185) - (-1 - -1)). What is the greatest common divisor of u and y?
59
Let b be 44/(-2)*21/(-14) + -3. Suppose -2*w = 5*o - 19 - 26, 0 = -5*o - 4*w + 45. Suppose -5*m + 21 = -o. What is the greatest common divisor of m and b?
6
Let z(a) = -2*a**3 + 18*a**2 + 3. Let h be z(9). Suppose 4*y - 4 = 3*n - h, 5*y = 3*n + 2. What is the greatest common divisor of y and 1?
1
Let j = 903 + -500. Let g be 26/(-4)*((15 - 6) + -11). What is the greatest common factor of g and j?
13
Let h = -1027 + 1094. Calculate the highest common factor of h and 1139.
67
Let y(w) = -w**3 + 6*w**2 - 2*w + 7. Let n = -31 + 43. Suppose -n*d + 8*d = -20. Let u be y(d). What is the highest common factor of 33 and u?
11
Suppose -10*k + 612 = -k. Calculate the greatest common factor of 1054 and k.
34
Suppose 8*k + 16 = 12*k. Let b be 9864/44 - k/22. What is the greatest common factor of b and 32?
32
Let f be 44/3 - (-28)/12. What is the greatest common factor of f and 46?
1
Let i be -13 + 10 + (12 - (1 + 0)). Suppose 3*w = i*w - 110. Calculate the greatest common factor of 4 and w.
2
Suppose -66*x = -83*x + 4998. Calculate the greatest common divisor of x and 28.
14
Let p be (3 + 2 + -7 + 1)*-9. Suppose p*h = -11 + 110. Suppose 611 = h*r + 83. Calculate the greatest common factor of r and 24.
24
Suppose -3*o - 36 = 5*j - 3, o = -2*j - 13. Let s be j/4*100/(-30). What is the greatest common factor of 185 and s?
5
Let d(r) = 10*r**2 + 2*r - 3. Let y be d(2). Suppose 0 = 146*v - 2284 - 3702. Calculate the greatest common factor of v and y.
41
Let m = -7276 - -7436. Let j be ((-12)/18)/((-1)/51). Let c = -18 + j. Calculate the greatest common factor of c and m.
16
Suppose 17*q + 18 = 23*q. Suppose 0 = -5*v - 2*d + 1424, q*v + 9*d - 867 = 12*d. Calculate the greatest common factor of v and 22.
22
Let p = 3815 - 3799. Calculate the greatest common divisor of 36 and p.
4
Let w = 5000 + -1080. What is the highest common factor of w and 80?
80
Suppose 16*g = 9*g + 6*g + 94. What is the highest common divisor of 188 and g?
94
Suppose 3*u = -5*p + 417, 24*u = -p + 29*u + 89. Calculate the highest common factor of p and 1908.
12
Suppose 220 - 43 = 3*t. Suppose -l = -z + 63, 2*z + 5*l - 46 = t. Calculate the highest common divisor of 10 and z.
10
Suppose 25*m + 39 = 489. Calculate the highest common divisor of m and 141.
3
Let r be 28413/(-66)*(-2)/(-3). Let d = r + 342. Calculate the greatest common factor of 20 and d.
5
Let q = 24 + -20. Suppose -3650 = 9*f - q*f. Let d be f/(-80) - (-1)/(-8). Calculate the highest common factor of d and 72.
9
Let w(u) = u**3 + 13*u**2 - 26*u + 75. Let c be w(-15). Let k be (1 - 0) + 51 + -2. Let o = k - c. Calculate the greatest common factor of 5 and o.
5
Suppose 17*u - 36 = 134. Suppose 6*k - k = u. What is the highest common factor of 7 and k?
1
Suppose -4 = 7*p - 11*p + 4*q, -13 = -p - 5*q. Suppose p*y - 5*s = 115, -5*s + 158 = 4*y - 7*s. Calculate the highest common divisor of y and 170.
10
Let c(h) = 31*h**2 + 7*h + 4. Let t be c(-4). Suppose -8*w = t - 2096. Let l = w + -123. What is the highest common factor of l and 20?
20
Let v(y) = -48*y - 993. Let d be v(-26). Calculate the highest common divisor of d and 360.
15
Suppose 0 = -9*y - 12836 + 17183. Calculate the greatest common divisor of y and 1587.
69
Suppose o + 12 - 28 + 3 = 0. What is the highest common divisor of 12935 and o?
13
Let b(a) = -a**3 - 3*a**2 + 4*a - 6. Let q be b(-4). Let u = q + 14. Let n = 68 - 28. What is the greatest common divisor of u and n?
8
Let v = 9935 - 9675. Suppose w = -3*w - 3*i + 68, -3*w = -